{"id":163,"date":"2020-12-22T17:39:04","date_gmt":"2020-12-22T16:39:04","guid":{"rendered":"http:\/\/project.media-beats.com\/sigk.de\/?page_id=163"},"modified":"2021-08-23T14:54:22","modified_gmt":"2021-08-23T12:54:22","slug":"ueber-mich","status":"publish","type":"page","link":"http:\/\/project.media-beats.com\/sigk.de\/ueber-mich\/","title":{"rendered":"\u00dcber mich"},"content":{"rendered":"<p>[vc_row heading_color=&#8220;primary-1&#8243; bg_type=&#8220;color&#8220; padding_top_multiplier=&#8220;4x&#8220; padding_bottom_multiplier=&#8220;&#8220; columns_gap=&#8220;60&#8243; font_color=&#8220;#ffffff&#8220; bg_color=&#8220;#000000&#8243;][vc_column tablet_sm_width=&#8220;1&#8243;]<div class=\"grve-empty-space grve-height-3x\" style=\"\"><\/div><h2 class=\"grve-element grve-title grve-align-left grve-animated-item grve-duration-normal grve-fade-in-right grve-h1\" style=\"\" data-delay=\"200\"><span>\u00dcber mich und meine Malerei:<\/span><\/h2><div class=\"grve-empty-space grve-height-2x\" style=\"\"><\/div>[vc_column_text animation=&#8220;grve-fade-in-right&#8220; animation_delay=&#8220;300&#8243;]Ziel meiner k\u00fcnstlerischen Arbeit ist es, ein m\u00f6glichst breites Spektrum an Zeichnen und Maltechniken zu erarbeiten, um auf individuelle Art ausdr\u00fccken zu k\u00f6nnen, was ich ausdr\u00fccken m\u00f6chte. Dies reicht vom Gegenst\u00e4ndlichen bis zum Abstrakten, von geplanten Strukturen bis hin zum spontanen Ausdruck von Gef\u00fchlen.<\/p>\n<p>Innerhalb und au\u00dferhalb meines Studiums wurden die einzelnen Zeichen- und Maltechniken mit Hilfe anerkannter Lehrer und Professoren erarbeitet, oft an gegenst\u00e4ndlichen Beispielen, wo sich die qualitative Entwicklung besonders gut dokumentieren l\u00e4sst. Parallel lief eine Ausbildung in plastischer Gestaltung und Keramik, so dass auch das dreidimensionale Sehen st\u00e4ndig geschult wurde.<\/p>\n<p>Sobald eine grafische oder malerische Periode in einer bestimmten Technik abgeschlossen war erfolgte der \u00dcbergang zur n\u00e4chsten. Z. Z. liegt der Schwerpunkt bei oft gro\u00dffl\u00e4chiger Acrylmalerei im Rahmen j\u00e4hrlicher Malaufenthalte in einer internationalen Gruppe unter der Leitung des \u00f6sterreichischen Malers Peter Mairinger auf Korfu. Das Ergebnis sind gef\u00fchlsgesteuerte Farb- und Fl\u00e4chenkompositionen, gewonnen aus Assoziationen der nat\u00fcrlichen Umwelt.<\/p>\n<p>Trotz eines Design-Studiums und einer fr\u00fcheren T\u00e4tigkeit auf dem Gebiet des technischen Zeichnens, beides Bereiche, die ein hohes Ma\u00df an Pr\u00e4zision erfordern, lag und liegt meine Liebe zur Kunst in der freien Malerei. [\/vc_column_text]<div class=\"grve-empty-space grve-height-2x\" style=\"\"><\/div><h3 class=\"grve-element grve-title grve-align-left grve-animated-item grve-duration-normal grve-fade-in-right grve-h6\" style=\"\" data-delay=\"200\"><span>Studium \/ Werdegang:<\/span><\/h3>[vc_column_text animation=&#8220;grve-fade-in-right&#8220; animation_delay=&#8220;300&#8243;]Fachhochschule f\u00fcr Design, Dortmund, (Diplom) und Kunstakademie D\u00fcsseldorf<\/p>\n<p>Seminarwochen f\u00fcr Malerei des \u201eKunstzentrum Bosener M\u00fchle\u201c, Saarland,<\/p>\n<p>Korfu-Malerwochen von Peter Mairinger<\/p>\n<p>Internationale Sommerakademie f\u00fcr Bildende Kunst Salzburg bei Prof. S. Anzinger<\/p>\n<p>Reichenhaller Akademie bei Prof. Markus L\u00fcpertz[\/vc_column_text]<div class=\"grve-empty-space grve-height-2x\" style=\"\"><\/div><h3 class=\"grve-element grve-title grve-align-left grve-animated-item grve-duration-normal grve-fade-in-right grve-h6\" style=\"\" data-delay=\"200\"><span>Ausstellungen (Auswahl):<\/span><\/h3>[vc_column_text animation=&#8220;grve-fade-in-right&#8220; animation_delay=&#8220;300&#8243;]Ruhrlandmuseum Essen; Orangerie im Grugapark, Essen; Galerie Isshorst, Hamminkeln; Galerie Augentrost, D\u00fcsseldorf; Galerie Kunst im Trinsenturm, Ratingen; Kunst in der Residenz am Dom, K\u00f6ln; Siemens AG, Essen; Bilfinger&amp;Berger AG, Neu-Isenburg; Deutsche Telekom AG, Wesel; Deutsches Rotes Kreuz, Hagen; Sparkasse M\u00fclheim a. d. Ruhr; Max-Planck-Institut f\u00fcr Kohleforschung, M\u00fclheim a. d. Ruhr; Villa Jula Thyssen\/ ZENIT GmbH, M\u00fclheim a. d. Ruhr; bbk region bergisch land, Wuppertal; regioArte Bergisch Land, Kunsthalle Barmen, Wuppertal; Rathaus der Stadt M\u00fclheim a. d. Ruhr; Gemeinschaftsausstellungen BBK Kunstforum D\u00fcsseldorf; Villa Romana, Veldenz; Museum Cusanus-Haus, Bernkastel-Kues<\/p>\n<p>Teilnahme an dem internationalen Kunstprojekt Art EU 2 zur 600-Jahr Feier der Stadt Hattingen und an den Kunst-Foren Inter-Regional Rheinland-Pfalz, Pirmasens, sowie an der Kunstausstellung zur Messe boot 2001 in D\u00fcsseldorf. Vertreten in der Artothek Schloss Oberhausen.[\/vc_column_text]<div class=\"grve-empty-space grve-height-2x\" style=\"\"><\/div><h3 class=\"grve-element grve-title grve-align-left grve-animated-item grve-duration-normal grve-fade-in-right grve-h6\" style=\"\" data-delay=\"200\"><span>Mitglied im Bundesverband Bildender K\u00fcnstlerinnen und K\u00fcnstler (BBK) D\u00fcsseldorf<\/span><\/h3><div class=\"grve-empty-space grve-height-2x\" style=\"\"><\/div>[\/vc_column][\/vc_row]<\/p>\n","protected":false},"excerpt":{"rendered":"<p>[vc_row heading_color=&#8220;primary-1&#8243; bg_type=&#8220;color&#8220; padding_top_multiplier=&#8220;4x&#8220; padding_bottom_multiplier=&#8220;&#8220; columns_gap=&#8220;60&#8243; font_color=&#8220;#ffffff&#8220; bg_color=&#8220;#000000&#8243;][vc_column tablet_sm_width=&#8220;1&#8243;][vc_column_text animation=&#8220;grve-fade-in-right&#8220; animation_delay=&#8220;300&#8243;]Ziel meiner k\u00fcnstlerischen Arbeit ist es, ein m\u00f6glichst breites Spektrum an Zeichnen und Maltechniken zu erarbeiten, um auf individuelle Art ausdr\u00fccken zu k\u00f6nnen, was ich ausdr\u00fccken m\u00f6chte. Dies reicht vom Gegenst\u00e4ndlichen bis zum Abstrakten, von geplanten Strukturen bis hin zum spontanen Ausdruck von Gef\u00fchlen. Innerhalb [&hellip;]<\/p>\n","protected":false},"author":1,"featured_media":0,"parent":0,"menu_order":0,"comment_status":"closed","ping_status":"closed","template":"","meta":{"footnotes":""},"class_list":["post-163","page","type-page","status-publish","hentry"],"_links":{"self":[{"href":"http:\/\/project.media-beats.com\/sigk.de\/wp-json\/wp\/v2\/pages\/163","targetHints":{"allow":["GET"]}}],"collection":[{"href":"http:\/\/project.media-beats.com\/sigk.de\/wp-json\/wp\/v2\/pages"}],"about":[{"href":"http:\/\/project.media-beats.com\/sigk.de\/wp-json\/wp\/v2\/types\/page"}],"author":[{"embeddable":true,"href":"http:\/\/project.media-beats.com\/sigk.de\/wp-json\/wp\/v2\/users\/1"}],"replies":[{"embeddable":true,"href":"http:\/\/project.media-beats.com\/sigk.de\/wp-json\/wp\/v2\/comments?post=163"}],"version-history":[{"count":4,"href":"http:\/\/project.media-beats.com\/sigk.de\/wp-json\/wp\/v2\/pages\/163\/revisions"}],"predecessor-version":[{"id":168,"href":"http:\/\/project.media-beats.com\/sigk.de\/wp-json\/wp\/v2\/pages\/163\/revisions\/168"}],"wp:attachment":[{"href":"http:\/\/project.media-beats.com\/sigk.de\/wp-json\/wp\/v2\/media?parent=163"}],"curies":[{"name":"wp","href":"https:\/\/api.w.org\/{rel}","templated":true}]}}

Über mich

<p>[vc_row heading_color=&#8220;primary-1&#8243; bg_type=&#8220;color&#8220; padding_top_multiplier=&#8220;4x&#8220; padding_bottom_multiplier=&#8220;&#8220; columns_gap=&#8220;60&#8243; font_color=&#8220;#ffffff&#8220; bg_color=&#8220;#000000&#8243;][vc_column tablet_sm_width=&#8220;1&#8243;]<div class="grve-empty-space grve-height-3x" style=""></div><h2 class="grve-element grve-title grve-align-left grve-animated-item grve-duration-normal grve-fade-in-right grve-h1" style="" data-delay="200"><span>Über mich und meine Malerei:</span></h2><div class="grve-empty-space grve-height-2x" style=""></div>[vc_column_text animation=&#8220;grve-fade-in-right&#8220; animation_delay=&#8220;300&#8243;]Ziel meiner künstlerischen Arbeit ist es, ein möglichst breites Spektrum an Zeichnen und Maltechniken zu erarbeiten, um auf individuelle Art ausdrücken zu können, was ich ausdrücken möchte. Dies reicht vom Gegenständlichen bis zum Abstrakten, von geplanten Strukturen bis hin zum spontanen Ausdruck von Gefühlen.</p>
<p>Innerhalb und außerhalb meines Studiums wurden die einzelnen Zeichen- und Maltechniken mit Hilfe anerkannter Lehrer und Professoren erarbeitet, oft an gegenständlichen Beispielen, wo sich die qualitative Entwicklung besonders gut dokumentieren lässt. Parallel lief eine Ausbildung in plastischer Gestaltung und Keramik, so dass auch das dreidimensionale Sehen ständig geschult wurde.</p>
<p>Sobald eine grafische oder malerische Periode in einer bestimmten Technik abgeschlossen war erfolgte der Übergang zur nächsten. Z. Z. liegt der Schwerpunkt bei oft großflächiger Acrylmalerei im Rahmen jährlicher Malaufenthalte in einer internationalen Gruppe unter der Leitung des österreichischen Malers Peter Mairinger auf Korfu. Das Ergebnis sind gefühlsgesteuerte Farb- und Flächenkompositionen, gewonnen aus Assoziationen der natürlichen Umwelt.</p>
<p>Trotz eines Design-Studiums und einer früheren Tätigkeit auf dem Gebiet des technischen Zeichnens, beides Bereiche, die ein hohes Maß an Präzision erfordern, lag und liegt meine Liebe zur Kunst in der freien Malerei. [/vc_column_text]<div class="grve-empty-space grve-height-2x" style=""></div><h3 class="grve-element grve-title grve-align-left grve-animated-item grve-duration-normal grve-fade-in-right grve-h6" style="" data-delay="200"><span>Studium / Werdegang:</span></h3>[vc_column_text animation=&#8220;grve-fade-in-right&#8220; animation_delay=&#8220;300&#8243;]Fachhochschule für Design, Dortmund, (Diplom) und Kunstakademie Düsseldorf</p>
<p>Seminarwochen für Malerei des „Kunstzentrum Bosener Mühle“, Saarland,</p>
<p>Korfu-Malerwochen von Peter Mairinger</p>
<p>Internationale Sommerakademie für Bildende Kunst Salzburg bei Prof. S. Anzinger</p>
<p>Reichenhaller Akademie bei Prof. Markus Lüpertz[/vc_column_text]<div class="grve-empty-space grve-height-2x" style=""></div><h3 class="grve-element grve-title grve-align-left grve-animated-item grve-duration-normal grve-fade-in-right grve-h6" style="" data-delay="200"><span>Ausstellungen (Auswahl):</span></h3>[vc_column_text animation=&#8220;grve-fade-in-right&#8220; animation_delay=&#8220;300&#8243;]Ruhrlandmuseum Essen; Orangerie im Grugapark, Essen; Galerie Isshorst, Hamminkeln; Galerie Augentrost, Düsseldorf; Galerie Kunst im Trinsenturm, Ratingen; Kunst in der Residenz am Dom, Köln; Siemens AG, Essen; Bilfinger&amp;Berger AG, Neu-Isenburg; Deutsche Telekom AG, Wesel; Deutsches Rotes Kreuz, Hagen; Sparkasse Mülheim a. d. Ruhr; Max-Planck-Institut für Kohleforschung, Mülheim a. d. Ruhr; Villa Jula Thyssen/ ZENIT GmbH, Mülheim a. d. Ruhr; bbk region bergisch land, Wuppertal; regioArte Bergisch Land, Kunsthalle Barmen, Wuppertal; Rathaus der Stadt Mülheim a. d. Ruhr; Gemeinschaftsausstellungen BBK Kunstforum Düsseldorf; Villa Romana, Veldenz; Museum Cusanus-Haus, Bernkastel-Kues</p>
<p>Teilnahme an dem internationalen Kunstprojekt Art EU 2 zur 600-Jahr Feier der Stadt Hattingen und an den Kunst-Foren Inter-Regional Rheinland-Pfalz, Pirmasens, sowie an der Kunstausstellung zur Messe boot 2001 in Düsseldorf. Vertreten in der Artothek Schloss Oberhausen.[/vc_column_text]<div class="grve-empty-space grve-height-2x" style=""></div><h3 class="grve-element grve-title grve-align-left grve-animated-item grve-duration-normal grve-fade-in-right grve-h6" style="" data-delay="200"><span>Mitglied im Bundesverband Bildender Künstlerinnen und Künstler (BBK) Düsseldorf</span></h3><div class="grve-empty-space grve-height-2x" style=""></div>[/vc_column][/vc_row]</p>

<p>[vc_row heading_color=&#8220;primary-1&#8243; bg_type=&#8220;color&#8220; padding_top_multiplier=&#8220;4x&#8220; padding_bottom_multiplier=&#8220;&#8220; columns_gap=&#8220;60&#8243; font_color=&#8220;#ffffff&#8220; bg_color=&#8220;#000000&#8243;][vc_column tablet_sm_width=&#8220;1&#8243;][vc_column_text animation=&#8220;grve-fade-in-right&#8220; animation_delay=&#8220;300&#8243;]Ziel meiner künstlerischen Arbeit ist es, ein möglichst breites Spektrum an Zeichnen und Maltechniken zu erarbeiten, um auf individuelle Art ausdrücken zu können, was ich ausdrücken möchte. Dies reicht vom Gegenständlichen bis zum Abstrakten, von geplanten Strukturen bis hin zum spontanen Ausdruck von Gefühlen. Innerhalb [&hellip;]</p>
